se -1 + 5 = n. Suppose -n*h + 515 = q, 5*h + 3*q - 631 = 6*q. Suppose -3287 - h = -5*t. Is t a prime number?
True
Suppose 116 = 5*f + 501. Is (-8)/7 + (-473099)/f a prime number?
True
Let r be 2*(-2 - -6)/(-2) - -4. Suppose -318*a + 322*a - 17060 = r. Is a a prime number?
False
Suppose 17*g - 463 - 540 = 0. Suppose 66*t - g*t = 70931. Is t a prime number?
True
Let m(u) = -7*u**2 - 44*u - 21. Let k be m(-6). Is 3 - -3 - (-1022 + k) a prime number?
False
Let p = 18 + -16. Let l(k) = 6*k + 14*k + p*k**2 + 9 - 2. Is l(-14) a composite number?
True
Is (20441220/80)/((-5)/1*(-9)/60) a composite number?
False
Suppose -131 = -x + 217. Suppose 6*z - 5*g - 19 = 2*z, 5*z - 31 = -g. Is (14/4)/(z/x) composite?
True
Let j(h) = -2*h**3 - 5*h**2 - 4*h - 2. Let q be j(-4). Let n = -42 + q. Let a(u) = -u**3 + 20*u**2 + 8*u - 29. Is a(n) a prime number?
True
Suppose -2*b - 4*n - 705189 = -7*b, -564144 = -4*b + 5*n. Is b a prime number?
True
Let v(k) = k**3 + 3*k + 31368. Let s be v(0). Let r = -13847 + s. Is r composite?
True
Suppose 0 = -4*c - 3*n - 113427 + 378404, -4*n = 2*c - 132506. Is c composite?
False
Is 1/(11 - 4218096/383464) composite?
False
Is (0 - (757 - 6))/(11/(-649)) a prime number?
False
Let j(f) = f**3 + 7*f**2 + 10*f + 14. Let w be j(-6). Let h be 230/(w/(10/(-2))). Suppose 2*a = 5*p + 362 + h, 4*p - 1024 = -4*a. Is a composite?
False
Let r(d) = 1586*d**2 - 9*d - 5. Let x be r(-2). Let a = 2963 - x. Let h = -1487 - a. Is h composite?
False
Let v(t) = 27*t**2 - 169*t - 113. Is v(-51) a composite number?
True
Let j(z) = -8*z**3 + 8*z**2 + 2*z + 294. Let r(p) = -7*p**3 + 7*p**2 + 2*p + 295. Let c(g) = -6*j(g) + 7*r(g). Is c(0) prime?
False
Suppose 3*g + 5 = -2*i + 16, -g = -i - 2. Suppose -4*f + 5 = -d - 38, 4*f - 33 = g*d. Is 3 + f/(-4) + 409 prime?
True
Suppose 0 = -4*g - 1706 - 3230. Let t = 203 - g. Suppose -q - 2*q + t = 0. Is q a composite number?
False
Let c be (-151 - -5 - 1)*-266. Suppose -4*l + 3*n = -l - 29328, c = 4*l - 5*n. Is l a composite number?
True
Suppose -g + 13520 - 2648 = 2*b, -3*b + g = -16303. Suppose -4*v + 4*z = 8, -11 = 3*v - z - 3. Is b*v*(-3)/45 prime?
True
Let p be 2 + 1 + 15 + -15. Suppose 0 = -p*y + 5929 - 28732. Is (y/(-22))/((-2)/(-4)) a prime number?
True
Suppose 48157 = 3*s - 2*s - 3*b, -s - 4*b + 48185 = 0. Suppose 9*y - 15542 = s. Is y composite?
False
Let o(p) = -15 - 2*p**2 + 4 - 3*p + 5*p**2 + 29*p. Let j be o(-16). Suppose 2*t - 3*x - 626 = 0, 3*t - 5*x - j - 600 = 0. Is t prime?
True
Let y = -2528371 + 5945208. Is y a composite number?
False
Let b = -105657 + 157351. Is b a composite number?
True
Let i = 145 + -139. Suppose -2*v + 11546 = 4*o, -i*v = -o - 2*v + 2873. Is o a prime number?
False
Let z be (-2)/(-8) + 3995/20. Suppose -i + 258 = -z. Is i composite?
True
Let g(b) = -1858*b**3 - 4*b**2 + 29*b + 59. Is g(-2) a prime number?
False
Let y = -1270659 + 1934540. Is y a prime number?
True
Suppose y = 6*s - 4*s + 42757, -4*y + 5*s = -171013. Suppose -6354 = -39*a + y. Is a prime?
True
Is 1*(-15348065)/(-75) - (-14)/105 a prime number?
True
Let y = 657 + -629. Suppose 98885 + 63263 = y*z. Is z composite?
False
Let t(v) = -84*v**2 - 28*v + 253. Let y be t(25). Is y/(-57) + 8/76 composite?
False
Suppose 0 = -67*x + 1712844 + 6052523. Is x a prime number?
True
Let i(t) = 17*t + 27. Suppose u + 3*n - 31 = 71, 3*u - 2*n - 262 = 0. Let c = u - 76. Is i(c) a prime number?
False
Let l(k) = -182*k - 401. Let z(p) = 273*p + 602. Let j(c) = 7*l(c) + 5*z(c). Is j(14) composite?
True
Suppose 2*s - x = 226564, -305*s = -300*s + 4*x - 566371. Is s a composite number?
False
Let i(h) = 2*h + 552*h**2 + 2 - 1 - 22*h + 8*h + 10*h. Suppose 5*d - 25 = 0, g - 21 + 5 = -3*d. Is i(g) prime?
False
Is ((-24)/(-120))/((-9)/(-11327535)) a prime number?
False
Suppose 2*k = 7*n - 11*n + 85936, 3*k - 5*n - 128926 = 0. Let z = k - 10795. Is z composite?
True
Let k(s) = 102*s**2 + 84*s + 251. Is k(-80) prime?
False
Let q be (-6 - (-68)/12)*0. Let w(j) = 21*j**2 - 10*j + 4. Let d be w(9). Suppose q = 2*f - d + 469. Is f composite?
True
Is (((-2)/(-4))/(5/10))/((-67)/(-1446329)) a prime number?
True
Let h = 8 + 67. Suppose -12*s - 255 = -3735. Let q = s - h. Is q composite?
True
Suppose -4*z - 214469 = -c, 3*c - 39*z + 37*z - 643317 = 0. Is c composite?
False
Suppose 0 = 18*m - 1899 - 1179. Suppose 5*g = 89 + m. Suppose -2*p + g = -102. Is p composite?
True
Let g(w) = 196 - 17 + 320*w + 29 - 290*w + 9. Is g(30) composite?
False
Let h(f) = 222*f**2 - 8*f + 17. Is h(-12) composite?
True
Suppose 1518 = 32*o - 78*o. Let b(d) = d**2 + 7*d - 71. Is b(o) composite?
False
Is -6 + (-135)/(-36)*4 - -76810 composite?
False
Let d(y) = -y - 8. Let m be d(-8). Let x = 925 + -379. Suppose m = -2*o + 256 + x. Is o a composite number?
False
Let f(a) = 22736*a - 34. Let p be f(2). Suppose 68*y - p = 66*y. Is y a prime number?
False
Let n be (-3)/(-2 - (4 + -5)). Let b be 5*(100 + n) + 3. Suppose 0 = -10*v + 12*v - b. Is v prime?
False
Suppose -347*w - 36513841 = -438*w. Is w composite?
True
Let p be ((-8)/5)/(2 - 194208/97100). Suppose -6*z - p = -26*z. Is z prime?
True
Let o(w) = 195*w**2 + 2*w + 49. Let l(m) = -14*m + 78. Let a be l(6). Is o(a) a prime number?
True
Suppose -4*j - l + 8949 = -2*j, -4*l = 5*j - 22374. Is j a prime number?
False
Let z = 233721 - -423536. Is z a prime number?
True
Let o be ((-120)/(-8))/3*3*(-156)/20. Let m = -359 + 145. Let q = o - m. Is q composite?
False
Suppose 3*h - 8386 - 26801 = 0. Let c = -5290 + h. Is c prime?
False
Suppose -2*m + 1085990 = -4*h, -467*h = -5*m - 465*h + 2714903. Is m composite?
True
Suppose -5*p - 11*f = -8*f - 65, 5*p + f - 65 = 0. Suppose 0 = p*r + 99721 - 447276. Is r a composite number?
True
Let x(c) = -32*c - 20. Let k be x(-1). Suppose b + k*b = 39481. Is b a prime number?
True
Let o(t) = 204*t**3 - 23*t**2 + 137*t - 5. Is o(6) a prime number?
True
Suppose 68*d - 4091285 = 2378199 + 21602072. Is d a prime number?
False
Let f(r) = r**3 + 21*r**2 - 9*r + 20. Suppose -5*i = -5*a - i - 53, -2*a - 22 = -2*i. Is f(a) a prime number?
False
Suppose -a = -2*a + 5, 0 = -2*h - 4*a - 130. Let z be 0 + 6/45 - 515/h. Suppose z*i = i + 5934. Is i composite?
True
Suppose -28 = 4*y, -134*y + 2636744 = 2*r - 132*y. Is r composite?
False
Let g be (-10562)/(-4) + 2/4. Suppose 4*d - 15 = d, 798 = -2*c - 2*d. Let m = g + c. Is m a prime number?
True
Let w(u) = 4*u**2 + 44*u + 59. Let k be ((-148)/(-20))/(5/(-25)). Is w(k) composite?
False
Let y(m) = 2*m**2 - 227*m - 68. Is y(117) prime?
True
Let l = 2940498 - 1263335. Is l a composite number?
False
Let p(z) = 13021*z**3 + 11*z**2 + 6*z - 7. Is p(1) composite?
True
Suppose 68*h - 2718 = 59*h. Let r = h - 40. Is r prime?
False
Suppose 34*j - 135540444 = -122*j. Is j prime?
True
Let l = 159 - -680. Suppose -l = -2*o + 735. Is o prime?
True
Suppose 16*d + 31305 = 21*d + 2*l, 25044 = 4*d - 3*l. Suppose 2*k + d = 2*j - 4663, -1 = k. Is j a composite number?
True
Let s = 43669 + 16642. Is s prime?
False
Suppose 34*a - 29*a = 2*p + 4812289, a + 3*p - 962468 = 0. Is a a prime number?
True
Suppose -20*g + 21*g - 2*m = 67555, 0 = g - 3*m - 67553. Is g composite?
False
Let c(a) be the second derivative of -4*a**2 - 3/20*a**5 - 7/6*a**3 + 0 - 3/4*a**4 + 8*a. Is c(-7) prime?
False
Let h(r) = r**2 + r - 1. Let t(f) = -1 + 13*f**2 - 2 + f**3 - 1 - 5 - 2*f. Let g(n) = -4*h(n) + t(n). Is g(7) a composite number?
True
Is (-185 - -186)/((-2)/(1 - 94919)) prime?
True
Let z(o) = -o**3 + o**2 - o - 3. Suppose 2*h = 2*h - 5*h. Let v be z(h). Is (196 - 2) + 0 + v composite?
False
Let p(d) = 12*d**2 - 10*d + 11. Let s = 45 - 45. Suppose s = -9*w + 29 + 25. Is p(w) a prime number?
True
Suppose 450*m - 3*q + 895554 = 453*m, -2*m + 2*q + 597008 = 0. Is m a prime number?
False
Let l be (-19)/(-6) + (-2)/12. Let i be (-5 - 1)/((-8)/(-4)) + l. Suppose i = -67*w + 62*w + 5855. Is w a composite number?
False
Let d(i) = 29*i**2 - 55*i + 1037. Is d(21) prime?
True
Let u = 300 - -50. Let n = u + 95. Is n a prime number?
False
Let p(h) = -2*h**2 + 31*h - 18. Let y(n) = n**2 - 20*n + 11. Let i(d) = -5*p(d) - 8*y(d). Suppose 3*t + 15 = -12. Is i(t) a prime number?
False
Let u(l) = -3*l + 3. Let f be u(-1). Suppose -a = -4*q + f + 2, 5*a = -4*q - 136. Is 835 + (-2)/4 + (-12)/a a composite number?
T